117
Convert -30 (base 11) to base 13.
-27
What is -85 (base 10) in base 7?
-151
-1c (base 15) to base 12
-23
What is -3123 (base 4) in base 3?
-22010
100 (base 5) to base 14
1b
What is 24 (base 10) in base 15?
19
What is -91 (base 10) in base 7?
-160
3 (base 14) to base 5
3
What is -16 (base 14) in base 2?
-10100
Convert 41 (base 6) to base 10.
25
Convert 1 (base 16) to base 8.
1
Convert 63 (base 7) to base 2.
101101
-2 (base 12) to base 8
-2
What is -11010111 (base 2) in base 7?
-425
16 (base 9) to base 13
12
What is 0 (base 13) in base 15?
0
1001 (base 2) to base 10
9
8 (base 14) to base 5
13
What is -204 (base 8) in base 16?
-84
What is -70 (base 10) in base 16?
-46
What is 21 (base 9) in base 7?
25
Convert 2 (base 3) to base 13.
2
What is -6 (base 7) in base 8?
-6
Convert 111 (base 2) to base 16.
7
Convert 2 (base 12) to base 7.
2
What is 7 (base 13) in base 7?
10
Convert -59 (base 10) to base 6.
-135
30 (base 8) to base 12
20
1 (base 6) to base 10
1
-23 (base 7) to base 16
-11
Convert -17 (base 9) to base 10.
-16
What is -1 (base 14) in base 9?
-1
What is -7 (base 10) in base 2?
-111
Convert 0 (base 7) to base 13.
0
What is -202 (base 5) in base 15?
-37
What is -3 (base 15) in base 13?
-3
What is 1 (base 16) in base 7?
1
Convert -321 (base 4) to base 14.
-41
Convert 1000 (base 2) to base 9.
8
2 (base 8) to base 11
2
What is 1c (base 14) in base 3?
222
19 (base 11) to base 2
10100
What is -ab (base 13) in base 16?
-8d
What is 100 (base 2) in base 8?
4
What is -17 (base 13) in base 5?
-40
-70 (base 12) to base 11
-77
-191 (base 14) to base 3
-102222
What is -23 (base 9) in base 3?
-210
-2 (base 4) to base 8
-2
107 (base 9) to base 7
154
-28 (base 9) to base 13
-20
Convert -121 (base 8) to base 4.
-1101
24 (base 6) to base 8
20
Convert 3 (base 11) to base 6.
3
What is -6 (base 10) in base 6?
-10
Convert 5 (base 6) to base 5.
10
1 (base 5) to base 7
1
Convert -5 (base 6) to base 4.
-11
What is -2b (base 12) in base 16?
-23
30 (base 13) to base 16
27
1 (base 4) to base 15
1
8 (base 13) to base 8
10
3 (base 14) to base 16
3
What is -b (base 13) in base 5?
-21
1 (base 5) to base 14
1
What is -18 (base 16) in base 9?
-26
What is -3 (base 6) in base 16?
-3
What is 30 (base 4) in base 13?
c
What is -211 (base 7) in base 6?
-254
What is 1010 (base 2) in base 10?
10
Convert 1202 (base 3) to base 8.
57
What is 1002 (base 5) in base 10?
127
What is 27 (base 10) in base 8?
33
Convert -3 (base 5) to base 13.
-3
-3 (base 12) to base 10
-3
-6 (base 16) to base 2
-110
Convert 14 (base 9) to base 16.
d
Convert 4 (base 8) to base 3.
11
Convert -1 (base 7) to base 15.
-1
Convert -15 (base 16) to base 3.
-210
What is -221 (base 3) in base 8?
-31
Convert 3 (base 12) to base 4.
3
Convert -2 (base 13) to base 6.
-2
What is 33 (base 16) in base 10?
51
Convert 71 (base 14) to base 11.
90
26 (base 10) to base 4
122
What is 11 (base 2) in base 7?
3
What is -12c (base 14) in base 12?
-178
-7 (base 15) to base 3
-21
Convert 67 (base 15) to base 13.
76
Convert -4 (base 5) to base 7.
-4
What is 101 (base 9) in base 14?
5c
-d (base 14) to base 2
-1101
Convert 3 (base 16) to base 10.
3
Convert 11 (base 4) to base 12.
5
2d (base 16) to base 8
55
-1 (base 7) to base 12
-1
Convert -2033 (base 4) to base 2.
-10001111
-4 (base 16) to base 15
-4
What is -10 (base 8) in base 7?
-11
Convert 11100010 (base 2) to base 8.
342
0 (base 13) to base 12
0
11011 (base 2) to base 15
1c
What is 1222 (base 4) in base 15?
71
Convert -10 (base 3) to base 5.
-3
What is 2 (base 13) in base 16?
2
6 (base 15) to base 14
6
Convert -3232 (base 4) to base 10.
-238
-77 (base 14) to base 2
-1101001
What is -213 (base 6) in base 4?
-1101
Convert 9a (base 15) to base 6.
401
48 (base 10) to base 2
110000
What is -10002 (base 3) in base 8?
-123
Convert 103 (base 10) to base 13.
7c
3 (base 6) to base 4
3
What is 9 (base 14) in base 6?
13
What is 1 (base 5) in base 10?
1
-22 (base 3) to base 4
-20
What is -14a (base 12) in base 14?
-106
-5b (base 15) to base 7
-152
What is 4 (base 7) in base 9?
4
-11110 (base 2) to base 4
-132
Convert 121 (base 8) to base 11.
74
What is 31 (base 7) in base 13?
19
What is -4 (base 6) in base 11?
-4
3 (base 10) to base 16
3
Convert 1011100 (base 2) to base 3.
10102
What is 21 (base 4) in base 15?
9
What is -2 (base 5) in base 3?
-2
-56 (base 7) to base 15
-2b
26 (base 16) to base 14
2a
What is -2 (base 14) in base 8?
-2
Convert 2 (base 3) to base 15.
2
Convert -25 (base 11) to base 8.
-33
What is 1 (base 15) in base 8?
1
Convert 198 (base 10) to base 16.
c6
2 (base 11) to base 7
2
-11 (base 4) to base 13
-5
2 (base 8) to base 14
2
Convert -14 (base 8) to base 9.
-13
What is -113 (base 13) in base 15?
-c5
What is -1011 (base 3) in base 6?
-51
What is -53 (base 7) in base 5?
-123
Convert -1212 (base 5) to base 6.
-502
-9 (base 13) to base 10
-9
What is -9 (base 14) in base 6?
-13
What is 12 (base 5) in base 8?
7
Convert -6 (base 15) to base 12.
-6
What is -20 (base 8) in base 15?
-11
Convert -1c (base 13) to base 9.
-27
Convert 157 (base 13) to base 14.
133
What is 22 (base 11) in base 8?
30
-10 (base 6) to base 10
-6
-10320 (base 4) to base 3
-102120
Convert 4 (base 10) to base 16.
4
What is 2 (base 7) in base 15?
2
Convert 324 (base 5) to base 13.
6b
What is -b3 (base 13) in base 12?
-102
Convert 64 (base 8) to base 11.
48
-4 (base 7) to base 8
-4
What is 2 (base 5) in base 14?
2
What is -25 (base 10) in base 11?
-23
What is -64 (base 15) in base 11?
-86
31 (base 4) to base 12
11
10 (base 4) to base 2
100
What is -37 (base 9) in base 5?
-114
Convert -1 (base 16) to base 11.
-1
What is -101 (base 4) in base 10?
-17
What is -1 (base 2) in base 4?
-1
What is 3 (base 6) in base 2?
11
1 (base 11) to base 12
1
What is -6 (base 7) in base 2?
-110
Convert 2 (base 13) to base 3.
2
What is -1 (base 11) in base 16?
-1
Convert -6 (base 10) to base 8.
-6
Convert -24 (base 5) to base 3.
-112
Convert -8 (base 15) to base 13.
-8
-1 (base 9) to base 4
-1
What is aa (base 12) in base 4?
2002
Convert 1 (base 11) to base 3.
1
-42 (base 7) to base 9
-33
Convert -40 (base 7) to base 4.
-130
What is 3 (base 12) in base 6?
3
Convert 147 (base 11) to base 13.
103
What is 37 (base 14) in base 13?
3a
9 (base 14) to base 2
1001
-6 (base 14) to base 3
-20
What is -c (base 15) in base 12?
-10
-31 (base 7) to base 8
-26
-1 (base 10) to base 14
-1
-f (base 16) to base 11
-14
Convert 24 (base 9) to base 2.
10110
1 (base 2) to base 13
1
Convert 232 (base 6) to base 4.
1130
10 (base 3) to base 12
3
What is b (base 15) in base 8?
13
What is 4 (base 5) in base 4?
10
What is 1 (base 7) in base 12?
1
What is -5 (base 10) in base 9?
-5
7 (base 8) to base 6
11
33 (base 7) to base 14
1a
What is 4 (base 9) in base 11?
4
Convert 1022 (base 4) to base 7.
134
-42 (base 8) to base 16
-22
-36 (base 7) to base 12
-23
Convert -1045 (base 6) to base 15.
-115
Convert 42 (base 9) to base 10.
38
Convert -37 (base 9) to base 6.
-54
Convert 5 (base 14) to base 13.
5
2 (base 10) to base 6
2
2 (base 15) to base 7
2
0 (base 5) to base 9
0
Convert -15 (base 12) to base 3.
-122
What is 31 (base 4) in base 15?
d
Convert -4 (base 10) to base 16.
-4
Convert 10 (base 9) to base 13.
9
-4 (base 11) to base 15
-4
Convert -1 (base 13) to base 9.
-1
-100100 (base 2) to base 13
-2a
-5 (base 10) to base 3
-12
-100 (base 3) to base 9
-10
-266 (base 9) to base 13
-141
What is -21 (base 3) in base 4?
-13
-15 (base 16) to base 3
-210
4 (base 8) to base 5
4
-1031 (base 5) to base 3
-12020
What is 21 (base 12) in base 8?
31
What is -26 (base 16) in base 12?
-32
Convert -10010 (base 2) to base 10.
-18
41 (base 7) to base 10
29
-111 (base 2) to base 16
-7
-40 (base 14) to base 7
-110
11 (base 10) to base 14
b
What is 61 (base 8) in base 7?
100
-114 (base 5) to base 14
-26
What is -1 (base 12) in base 13?
-1
Convert 132 (base 5) to base 8.
52
Convert -12 (base 4) to base 8.
-6
-4c (base 15) to base 2
-1001000
What is 9d (base 15) in base 13?
b5
Convert -330 (base 4) to base 10.
-60
6 (base 13) to base 8
6
What is -131 (base 4) in base 10?
-29
Convert 0 (base 15) to base 4.
0
Convert -3 (base 4) to base 12.
-3
What is a (base 13) in base 12?
a
Convert 0 (base 9) to base 15.
0
What is 10 (base 3) in base 5?
3
What is -2 (base 12) in base 8?
-2
What is -5 